ose 6*t + h*g - 65 = 2*t, 3*t - 63 = g. What is the tens digit of t?
2
Suppose 0*m - 4*j = -m + 94, 0 = 2*m + j - 143. What is the tens digit of m?
7
Suppose 4*a = 10 + 6. Let h = 22 + -11. Let g = h - a. What is the units digit of g?
7
Let v be ((-10)/(-5))/(2/(-19)). Let q = 16 - v. What is the tens digit of q?
3
Suppose -3*g + 158 = m + 54, 3*g + 4*m = 92. Let r = g - 20. What is the units digit of r?
6
Suppose 4*v + 16 = 4*i, 2*i = 3*i - 5. Suppose 2*y + v - 7 = k, 3*k + 14 = 5*y. What is the units digit of k?
2
Suppose -x + 90 = 2*k - 23, -k = 2*x - 217. Suppose x + 49 = 4*g. What is the units digit of g?
9
Let o(m) = 2*m**2 - 9*m + 9. What is the units digit of o(6)?
7
Let y = 122 - 59. Let j be (-14)/y - (-256)/18. What is the tens digit of 0/(-5) + (j - 0)?
1
Let y(g) = -g**3 - 2*g**2 - 4*g - 2. Let h be (-6)/4*4/(-3). Suppose 0 + h = -l. What is the units digit of y(l)?
6
Let b(c) = -c + 1. Let m be b(-14). Let q = -8 + m. What is the units digit of q?
7
Let o(c) = -c**2 + 5*c - 6. Let s be o(3). Suppose s = 2*p - 2*m - 44, 0*p - p - 4*m + 47 = 0. What is the units digit of p?
7
Suppose -3*n + 51 = -99. What is the units digit of n?
0
Let j be 2 - (3 - -35 - 3). What is the tens digit of -2 - -2 - j/3?
1
Let j = -5 + 114. What is the units digit of j?
9
Let q = 29 + -24. What is the units digit of q?
5
Suppose -3*x - i = -11, 0 = x + 2*x + 5*i - 7. Suppose -2*b + x + 0 = 0. Let s = 1 + b. What is the units digit of s?
3
Let j(o) = o - 1. Let v(s) = s**2 - 11*s + 12. Let x(t) = 2*j(t) - v(t). Let u be 3/(-6*(-1)/22). What is the units digit of x(u)?
8
Suppose 0 = -a - 3*a + 176. What is the tens digit of a?
4
What is the units digit of 142/8 - 10/(-40)?
8
Let r(w) = 2*w**2 + 2 - 4 + 3*w + 4 - w**3. Let c be r(3). What is the units digit of 1*(2 - c) + 7?
7
Let l(k) be the first derivative of k**4/4 + 8*k**3/3 + 4*k**2 - 5*k + 3. Let h be l(-6). What is the units digit of h/3 + 2/(-6)?
6
Let h = -182 - -338. What is the hundreds digit of h?
1
Let d(c) = -c**2 - 25*c + 28. What is the units digit of d(-22)?
4
Let o(k) = -7*k + 3. What is the hundreds digit of o(-16)?
1
Let p = -100 - -256. What is the tens digit of p?
5
Let q be 14/4*6 - 3. What is the units digit of (-119)/(-9) - 4/q?
3
Let j = -8 + 11. Suppose 1 = -f, -4*k + j*f + f = -20. What is the units digit of k?
4
Let n = 7 + -6. Let d be (-66)/(-5)*5*n. What is the tens digit of (-6)/9*d/(-4)?
1
Let g = -17 - -21. Let j = -1 + g. What is the units digit of j?
3
Suppose -17 + 165 = 4*h. Let z = h + -26. What is the units digit of z?
1
Let z = -10 + 11. What is the units digit of z?
1
Let j(i) = 2*i**2 - 2*i - 3. Let x be j(3). Let t(v) be the first derivative of -v**2/2 + 10*v - 1. What is the units digit of t(x)?
1
Suppose 2*a + 286 = 4*r + 7*a, -r + 3*a + 63 = 0. What is the tens digit of r?
6
Let r(j) = -j**3 - 7*j**2 + 7*j - 5. Let m be r(-8). Suppose m*a + 2*a + h - 131 = 0, 4*h + 43 = a. What is the tens digit of a?
2
Let l = 305 - -30. What is the tens digit of l?
3
Let h = 41 - 29. Suppose -4*q = -3*g + 12, 0*g = -3*q - 3*g + h. Suppose 4*x - 9 = -2*p + 11, q = 3*p - 5*x + 3. What is the units digit of p?
4
Suppose -3*c - 294 = -4*i, c = -2*c + 6. What is the tens digit of i?
7
Let i = 6 - 5. Let p be i/(1/(-14)*-1). What is the units digit of (-2)/p - 250/(-35)?
7
Let o(t) = 2*t**2 - 3*t**2 + 1 + 0 + 7*t + 2. Let g be o(7). Suppose -6 = 2*b, -n - 13 = -5*n + g*b. What is the units digit of n?
1
Suppose 0 = -4*z - 2*g + 56, 0*z - z + 9 = 3*g. Let r be ((-36)/z)/((-3)/50). Suppose -r = -3*b - 2*l - 5, l - 24 = -2*b. What is the units digit of b?
3
Let t(i) = -i**2 + 18*i - 9. Suppose -3*j + 5*j - 30 = 0. What is the tens digit of t(j)?
3
Let w be 3*1 + 4 + -6. What is the units digit of (-6)/8*(-8)/w?
6
Let t(n) be the third derivative of n**4/12 + 2*n**3/3 - 5*n**2. What is the tens digit of t(11)?
2
Let p = 9 - 24. Let b be (-51)/p + (-6)/15. What is the units digit of 3*-1 + 1 + b?
1
What is the hundreds digit of (2 - 788/6)/((-2)/3)?
1
Let q = 14 + 0. Suppose 5*s + q = 54. What is the units digit of s?
8
Let y = -3 - -6. Suppose c - 26 = 5*f, -4*c + 0*f + 19 = -y*f. What is the units digit of 10/(c/1 - -1)?
5
Suppose k + 9 = f, k - 5*k = 2*f - 18. Let h = f + -6. What is the units digit of h?
3
Let l(w) = -6*w**3 - 3*w**2 + 2*w - 2. What is the units digit of l(-3)?
7
Let t = 1 + 4. Let j(v) = v**3 - 4*v**2 - 4*v + 3. What is the units digit of j(t)?
8
Let o be 4 + -7 - 5*-5. Let m = -15 + o. What is the units digit of m?
7
Let j(g) = g**2 + 2*g. Let z be j(-4). Let s = 12 - z. Suppose 2*a + s*i + 6 = 24, 5*a - 25 = -5*i. What is the units digit of a?
1
Let m = -26 + 38. What is the units digit of m?
2
Suppose 4*d - 1018 = -5*v - 0*d, 4*v - 816 = -4*d. What is the hundreds digit of v?
2
Let i = 17 + 27. What is the units digit of i?
4
Let k = 99 + -71. What is the tens digit of k?
2
Let t = -119 + 167. What is the units digit of t?
8
Suppose 0*k - k = -108. What is the units digit of k?
8
Suppose 0*b = 3*b. Suppose 6 = a + n - b*n, -3*a = 5*n - 12. What is the units digit of a?
9
Suppose -2*a + 128 = -0*a. What is the tens digit of a?
6
Suppose 5*y - 428 = y. What is the tens digit of y?
0
Let y(a) = -2*a**2 - 20*a + 8 + 6*a**2 - a**2. What is the tens digit of y(8)?
4
Let k(s) = s**2 + s - 3. Let f(d) = -d**2 + 7*d + 2. Let b be f(7). Let w = -6 + b. What is the units digit of k(w)?
9
Let i(j) = 4*j**3 + 2*j - 1. Let g be i(1). Suppose 3*s + 210 = 5*y - 0*s, 0 = -g*y - 4*s + 245. What is the units digit of y?
5
Suppose 25 = 3*q + 5*y, 4*q - y + 9 - 4 = 0. Suppose 3*n - 4*s - 67 = q, -4*n = 2*s - 48 - 12. What is the tens digit of n?
1
Let z = -3 + 3. Suppose 5*v - 4*t - 189 = 0, -2*v + z*v = -2*t - 76. What is the units digit of v?
7
Let b = -2 - -6. Suppose d = -b*d + 45. What is the units digit of 24/d*9/4?
6
Suppose -z = -0 + 2. Let s(q) = -8*q - 3. What is the units digit of s(z)?
3
Let o(n) = -n**3 - 20*n**2 + 18*n + 28. What is the units digit of o(-21)?
1
What is the tens digit of (-169)/(-9) + (-6)/(-27)?
1
Suppose -t + 3*t = -8, 20 = 4*x - 2*t. Suppose x*d + 2*i + 18 = d, -3*i = -2*d + 7. What is the tens digit of ((-40)/d)/((-2)/(-3))?
1
Let f be (12/(-10))/((-4)/10). Suppose -m + 5*s = 14, f*m + 3*s = -s + 15. Suppose 5*w - 2*n = 45, -3*w = 4*n - 2 + m. What is the units digit of w?
7
Let h be -24*((-10)/3 + 3). Suppose -9 = -3*f - 24. Let q = h - f. What is the units digit of q?
3
Let i = -13 - -52. What is the units digit of i?
9
Let v(p) = -p**2 + 7*p + 3. What is the units digit of v(6)?
9
Let u(s) = -s**3 - 12*s**2 - 22*s - 3. What is the tens digit of u(-11)?
1
Let b(j) = -j**2 + j + 4. Let o be b(0). Let q = 9 + o. What is the units digit of q?
3
Let w(z) = -z**2 + 8*z - 5. What is the tens digit of w(5)?
1
Let k(g) = g**2 + 6*g - 34. Let l be k(-7). Suppose 45 = -0*y + y. Let z = l + y. What is the tens digit of z?
1
Let g = -8 - -1. Let l(o) = 6*o**2 - 10*o + 5*o**2 - 6*o**2 - 10 + o**2 + o**3. What is the tens digit of l(g)?
1
Let c(i) = 2*i**2 - 2*i. Let k(m) = m**2 - 1. Let n(a) = 7*a**2 + 5*a. Let b(v) = -6*k(v) + n(v). Let f be b(-4). What is the units digit of c(f)?
4
Let m(h) = 4*h + 5. Let x(p) = -5*p - 5. Let g(c) = 6*m(c) + 5*x(c). Let t(f) = f + 1. Let v be t(-1). What is the units digit of g(v)?
5
Let j(s) = s**2 - 4*s + 3. Let x be j(4). Suppose 0*q = -x*q + 27. What is the units digit of q?
9
Suppose 0 = -2*q - 2*q + 8. Suppose q*n - 6 = 4*j + 30, 5*n - 15 = -5*j. What is the units digit of n?
8
Let v(w) = 2 - 3 - 5*w + 6*w. Let d be v(4). Suppose d = 2*o + o. What is the units digit of o?
1
Suppose 3*i - 4 = -2*d + 7, -i - 4*d = -17. What is the units digit of (15 - i) + 1 + -2?
3
Let t = -4 + 6. Suppose 16 = 2*u - t. Suppose -z = 4*z + 4*l - u, 3*l = -3*z + 3. What is the units digit of z?
5
Let y = 233 + -176. What is the tens digit of y?
5
Let l be -1*((-4)/2)/2. Let o be (3 - 4 - -1)/l. Suppose -s = -o*s - 16. What is the tens digit of s?
1
Let i(t) = -t**2 - 9*t - 6. Let y be i(-7). Let c = y + -5. Let f = c + 1. What is the units digit of f?
4
Let r(w) = 5 + w - 4*w + 2 - w. What is the tens digit of r(-4)?
2
Let m(b) = b**2 - 8*b + 8. Let v be m(9). Suppose -1 = 4*x - v. What is the units digit of x?
4
Suppose 0 = -4*t +